{"id":860,"date":"2025-06-25T18:37:30","date_gmt":"2025-06-25T17:37:30","guid":{"rendered":"https:\/\/corsica.philippot.org\/?page_id=860"},"modified":"2025-07-26T16:18:37","modified_gmt":"2025-07-26T15:18:37","slug":"la-region","status":"publish","type":"page","link":"https:\/\/roccia-rosa.fr\/index.php\/la-region\/","title":{"rendered":"La r\u00e9gion"},"content":{"rendered":"\n<h1 class=\"wp-block-heading\">La r\u00e9gion<\/h1>\n\n\n\n<p>Situ\u00e9e dans la r\u00e9gion touristique du Filosorma, au c\u0153ur de la r\u00e9serve de biosph\u00e8re du Fango (class\u00e9 Unesco depuis 1977) proche de la r\u00e9serve marine de Scandola, cette maison se trouve \u00e0 35 minutes de l\u2019a\u00e9roport de Calvi, dans un site exceptionnel, en bord de torrent.<\/p>\n\n\n\n<p>A 15 minutes de la mer, au pied de la montagne, vous pourrez profiter d\u2019un environnement calme, en pleine nature et vous baigner, de juin \u00e0 septembre, dans la piscine naturelle du torrent au pied de la maison.<\/p>\n\n\n\n<p><\/p>\n","protected":false},"excerpt":{"rendered":"<p>La r\u00e9gion Situ\u00e9e dans la r\u00e9gion touristique du Filosorma, au c\u0153ur de la r\u00e9serve de biosph\u00e8re du Fango (class\u00e9 Unesco depuis 1977) proche de la r\u00e9serve marine de Scandola, cette maison se trouve \u00e0 35 minutes de l\u2019a\u00e9roport de Calvi, dans un site exceptionnel, en bord de torrent. A 15 minutes de la mer, au pied de la montagne, vous pourrez profiter d\u2019un environnement calme, en pleine nature et vous baigner, de juin \u00e0 septembre, dans la piscine naturelle du torrent au pied de la maison.<a class=\"more-link\" href=\"https:\/\/roccia-rosa.fr\/index.php\/la-region\/\">Read More &rarr;<\/a><\/p>\n","protected":false},"author":1,"featured_media":0,"parent":0,"menu_order":0,"comment_status":"closed","ping_status":"closed","template":"","meta":{"_acf_changed":false,"_uag_custom_page_level_css":"","_glsr_average":0,"_glsr_ranking":0,"_glsr_reviews":0,"footnotes":""},"folder":[],"class_list":["entry","author-gael","post-860","page","type-page","status-publish"],"acf":[],"lang":"fr","translations":{"fr":860,"nl":940,"en":935,"de":945},"uagb_featured_image_src":{"full":false,"thumbnail":false,"medium":false,"medium_large":false,"large":false,"1536x1536":false,"2048x2048":false,"ultp_layout_landscape_large":false,"ultp_layout_landscape":false,"ultp_layout_portrait":false,"ultp_layout_square":false,"hoot-medium-thumb":false,"hoot-preview":false,"hoot-large-thumb":false,"hoot-wide":false,"hoot-extra-wide":false},"uagb_author_info":{"display_name":"Ga\u00ebl PHILIPPOT","author_link":"https:\/\/roccia-rosa.fr\/index.php\/author\/gael\/"},"uagb_comment_info":0,"uagb_excerpt":"La r\u00e9gion Situ\u00e9e dans la r\u00e9gion touristique du Filosorma, au c\u0153ur de la r\u00e9serve de biosph\u00e8re du Fango (class\u00e9 Unesco depuis 1977) proche de la r\u00e9serve marine de Scandola, cette maison se trouve \u00e0 35 minutes de l\u2019a\u00e9roport de Calvi, dans un site exceptionnel, en bord de torrent. A 15 minutes de la mer, au&hellip;","pll_sync_post":[],"_links":{"self":[{"href":"https:\/\/roccia-rosa.fr\/index.php\/wp-json\/wp\/v2\/pages\/860","targetHints":{"allow":["GET"]}}],"collection":[{"href":"https:\/\/roccia-rosa.fr\/index.php\/wp-json\/wp\/v2\/pages"}],"about":[{"href":"https:\/\/roccia-rosa.fr\/index.php\/wp-json\/wp\/v2\/types\/page"}],"author":[{"embeddable":true,"href":"https:\/\/roccia-rosa.fr\/index.php\/wp-json\/wp\/v2\/users\/1"}],"replies":[{"embeddable":true,"href":"https:\/\/roccia-rosa.fr\/index.php\/wp-json\/wp\/v2\/comments?post=860"}],"version-history":[{"count":3,"href":"https:\/\/roccia-rosa.fr\/index.php\/wp-json\/wp\/v2\/pages\/860\/revisions"}],"predecessor-version":[{"id":956,"href":"https:\/\/roccia-rosa.fr\/index.php\/wp-json\/wp\/v2\/pages\/860\/revisions\/956"}],"wp:attachment":[{"href":"https:\/\/roccia-rosa.fr\/index.php\/wp-json\/wp\/v2\/media?parent=860"}],"wp:term":[{"taxonomy":"folder","embeddable":true,"href":"https:\/\/roccia-rosa.fr\/index.php\/wp-json\/wp\/v2\/folder?post=860"}],"curies":[{"name":"wp","href":"https:\/\/api.w.org\/{rel}","templated":true}]}}